*p, f*u - w = -u - 4*p. List the prime factors of u.
3, 5, 7
Let y = -5532 - -17979. What are the prime factors of y?
3, 461
Let p(g) = -g**3 - 2*g**2 - 10*g - 21. Suppose -21*b = -8*b + 78. List the prime factors of p(b).
3, 61
What are the prime factors of ((-4)/6 - (-147)/(-36))/(1/(-4912))?
2, 19, 307
What are the prime factors of (-2*36/(-84))/(6/38668)?
2, 1381
Suppose 2*a + 7 = -49. Let m = -26 - a. Suppose o + 2 = m*o. What are the prime factors of o?
2
Let r be (-18)/12*24/(-9). What are the prime factors of (-3*1)/(r/(-652))?
3, 163
Let h be (-310)/(-7) + 2/(-7). Let z be 230/(-55) - 1*(-2)/11. Let c = h - z. List the prime factors of c.
2, 3
Let j(c) be the third derivative of 28*c**4/3 - 22*c**3 + 2*c**2 + 12*c. What are the prime factors of j(7)?
2, 359
Suppose 26 = -2*t - 5*q, 33 - 9 = -4*t + 4*q. Let u(p) = -78*p + 39. What are the prime factors of u(t)?
3, 13, 17
Suppose 64*a - 377271 = -206634 + 204403. List the prime factors of a.
2, 5, 293
Let v(r) be the third derivative of r**5/10 + 13*r**4/8 + 17*r**3/3 - 111*r**2. List the prime factors of v(-15).
17, 47
Suppose 34 = -5*m + q, 3*m + 3*q + 22 = 4*q. Let w be 1020/(-40)*-2*(-2)/m. Suppose 28 = -w*p + 19*p. List the prime factors of p.
2, 7
Let i = -138 - -146. Suppose -4*c - i = -u, 3*u - 29 = 2*u - 3*c. List the prime factors of u.
2, 5
Suppose -63 + 38 = -5*a. Suppose 0*i + a*i - 7265 = 5*j, 4*i + 2*j - 5782 = 0. List the prime factors of i.
2, 181
Let q be 704 - ((-12)/(-14))/((-66)/(-308)). Let y = q + -322. Suppose -2*c - y = -9*c. What are the prime factors of c?
2, 3
Suppose 226*t - 69*t - 2135828 = 0. List the prime factors of t.
2, 19, 179
Let x(f) = f**3 + 10*f**2 - 2*f - 7. Let s be x(-7). Let k be (-2)/7 + 814/s. Suppose -n = -4*u - 76, 3*u = -k*n + u + 358. List the prime factors of n.
2, 3
Let g(d) be the second derivative of d**3/6 + 13*d**2/2 - 19*d. Let z be g(-11). Suppose 98 = 3*i - 0*m - z*m, 0 = 5*m - 10. What are the prime factors of i?
2, 17
Let r(f) = -183*f + 44. Let p be r(-4). What are the prime factors of p/(-5*(-14)/35)?
2, 97
Let n be (-4)/(-2)*(-104)/(-16). Suppose g - n*g = -3360. What are the prime factors of g?
2, 5, 7
Let x = 222 - 178. Suppose x*j = 39*j + 4470. List the prime factors of j.
2, 3, 149
Let k(m) = 4*m - 26. Let n be k(7). Suppose -n*o + 217 = -245. Let f = o + -113. What are the prime factors of f?
2, 59
Let n = 12868 + 3044. What are the prime factors of n?
2, 3, 13, 17
Let r(i) = 104*i - 28. Let p be r(6). Let x = p + -264. What are the prime factors of x?
2, 83
Suppose 0 = 9*q - 5*q - 16. Suppose -q*h + 32 = -28. Let m(u) = 9*u + 12. List the prime factors of m(h).
3, 7
Let p(r) = 26*r**3 + 2*r**2 - 140*r + 12. List the prime factors of p(14).
2, 73, 239
Let l = 364 + -364. Suppose -2*h - 2 = l, -5*q = -41*h + 36*h - 1640. List the prime factors of q.
3, 109
Let l(t) = -t**3 - 11*t**2 + 19*t - 10. Let b be l(-14). Let m = b + -221. Suppose 4*x + 8 = 0, -5*o + 4*x = -327 - m. List the prime factors of o.
2, 41
Let z be 0 + 1 - (30/(-5) + 5). Suppose -a = -3*a + t + 3593, -a - z*t = -1804. List the prime factors of a.
2, 29, 31
Suppose 5*g - 2*g = 6, -3*g + 54 = -4*o. List the prime factors of (1974/o)/((-1)/2).
7, 47
Let f(w) = 20*w + 72. Let p(k) = 19*k + 71. Let l(m) = -4*f(m) + 3*p(m). Let g be l(-6). Let t = g - 46. What are the prime factors of t?
17
Suppose -16*u + 17*u = -9, -3*u + 133041 = 2*k. What are the prime factors of k?
2, 3, 13, 853
Let s = -30 - -29. Let m = -5 - s. What are the prime factors of 2*(-102)/m*1?
3, 17
Suppose -23*b + 18*b + 12762 = -3*r, -30 = -5*r. What are the prime factors of b?
2, 3, 71
Let c(z) = -2*z**3 - 21*z**2 + 68*z - 37. List the prime factors of c(-25).
2, 17, 241
Suppose 0 = -12*s + 19*s - 175. Suppose k + v - s = 950, -k = -4*v - 955. What are the prime factors of k?
971
Suppose -5*l + 4*l + 2 = 0. Let i(s) = -2090*s**2 - 15 + 2067*s**l - 1 - 44*s - s**3. What are the prime factors of i(-21)?
2, 13
Suppose 5*a + 18552 - 56377 = x, 5*a + 4*x - 37800 = 0. Suppose 37*u = 33*u + a. List the prime factors of u.
31, 61
Let d(v) = -7 - 4*v + 14*v + 45*v**2 - 2*v. Let w(p) = 4*p + 14. Let n be w(-3). What are the prime factors of d(n)?
3, 7
Suppose -14*c = -317740 - 11456. List the prime factors of c.
2, 3, 3919
Let j = 3163 - -1362. What are the prime factors of j?
5, 181
List the prime factors of (4 - (7 + 10)) + 2811.
2, 1399
Let l(i) = -i**3 - 6*i**2 - 16. Suppose 0 = -5*s - 45. What are the prime factors of l(s)?
227
Let p = 885 - 208. Suppose -3*l = -2*o + 1350, 7*o = 8*o - l - p. List the prime factors of o.
3, 227
Let m(l) = -5041*l - 3109. What are the prime factors of m(-6)?
11, 2467
Suppose -155 - 49 = 2*y. Let g = -32 - y. Let j = g + -11. List the prime factors of j.
59
Let g be 362548 - 4 - (3 + 3). What are the prime factors of 1/(80762/g + (-4)/18)?
1831
Let a(s) = s**3 + 5*s**2 - 8*s - 10. Let j be a(-6). Suppose j*d - 10 = 4. Suppose -6*w + d*w - 75 = 0. What are the prime factors of w?
3, 5
Suppose 5*z - 5*g - 10 = 0, 0 = -0*g + 3*g. Suppose 0 = i + 2*q - 241 - 202, 0 = 4*i + z*q - 1796. What are the prime factors of i?
11, 41
Let l be ((-39)/78)/((-14)/(-16) - 1). Suppose 3*r + 5*x - 1033 - 508 = 0, -x = l*r - 2032. What are the prime factors of r?
3, 13
Let z(m) = -m**3 + 50*m**2 - 84*m + 785. What are the prime factors of z(41)?
2, 5, 29, 43
Let i = -1366 - -633. Let c = -363 - i. List the prime factors of c.
2, 5, 37
Let v = 229 + -184. Suppose -44*r = -v*r + 653. What are the prime factors of r?
653
Let b be (-5)/2 - (-1)/(-2) - -2. Let w be b/(-3)*-1 - (-337)/3. Let x = w - -14. List the prime factors of x.
2, 3, 7
Let g = -36 - -40. Suppose g*k = -0*k - 232. Let f = 19 - k. What are the prime factors of f?
7, 11
Let t = -9925 - -18981. What are the prime factors of t?
2, 283
Suppose 0 = 4*b - z - 45, -3*b - b + 2*z = -42. Suppose -b*h + 19*h = 65016. What are the prime factors of (-4)/18 - h/(-243)?
2, 19
Let k(l) = 5*l**3 + 7*l**2 + 7*l - 2. Let g be k(-3). Let z = 7 - g. List the prime factors of z.
2, 3, 17
Suppose -2*r = -3*y + 6, -4*y = 3*r + 74 - 31. Let z be (2 - 0)*((-5112)/16)/r. Let n = z + 4. List the prime factors of n.
3, 5
Let c(w) = -23*w - 332. Let q(d) = -11*d - 167. Let i(l) = 3*c(l) - 7*q(l). What are the prime factors of i(-19)?
3, 7
Let a be (-5 - 19611/(-18))/((-6)/(-8)). Let n = 2468 - a. What are the prime factors of n?
2, 7, 73
Let j = 4 - 0. Suppose -h = -3*m - 415, j*m + 1602 - 382 = 3*h. What are the prime factors of h?
2, 5
Let k be (-64)/(-28) - 4/14. Suppose l - 42 = -2*v, -2*l - k*l = -v - 123. Let b = l + 25. List the prime factors of b.
3, 19
Suppose -7*w + 2*r + 33118 = 0, 0 = -4*w + r + 5158 + 13767. What are the prime factors of w?
2, 7, 13
Suppose 3*b - 8*b - 2*g = 260, 3*g = 2*b + 85. Let j = b + 36. Let d(a) = -11*a - 35. What are the prime factors of d(j)?
7, 17
Let a be ((-108)/(-243))/((-2)/9). Let x be (12/9)/(2/3). List the prime factors of 8 + (x + -1)*a.
2, 3
Suppose m - 30 = -4*m. What are the prime factors of m/(-19 + 7)*-488?
2, 61
Suppose -69 = -28*g + 183. Let a(m) be the first derivative of 13*m**2/2 - 19*m - 4. What are the prime factors of a(g)?
2, 7
Let h = 473 - 35. Let s be (-6 + 8)/((6/153)/(160/(-30))). Let q = s + h. List the prime factors of q.
2, 83
Suppose 5*g = 18*g + 78. Let j be 20/g*(-6)/5 + 3. Suppose 3*k + j*y - 60 = 3*y, 0 = -2*y. What are the prime factors of k?
2, 5
What are the prime factors of 2 - (-42)/((-2)/(-124)*8/82)?
26693
List the prime factors of 10905 - (1 + ((-2)/(-10))/(1/15)).
11, 991
Let p be -1 - (-4)/16*0 - -3. List the prime factors of 9/(p/(-8) + (-9)/(-12)).
2, 3
Let x(j) = -11*j**3 - 3*j**2 - j + 1. Let k be x(-2). Let u be (-6)/(-12)*(k - 1). List the prime factors of (-286)/u*(2 + 14/(-1)).
2, 11
Suppose -3*i + 4*g + 49379 = 0, -5*i - 2*g + 43090 = -39269. List the prime factors of i.
43, 383
Let s(z) = z**2 + 21*z + 41. Suppose -v - 2*v + o = 41, 2*o - 67 = 5*v. Let r be s(v). Let k = r + 234. What are the prime factors of k?
5, 37
Let j be (-2)/14*-4371 - 8/(-14). Suppose -j = -9*g - 229. Suppose o - g = l, -4*o + 2*l = -8*o + 182. What are the prime factors of o?
3, 5
Let g(v) = -v**2 + 9*v + 10. Let i = 93 + -82. Let w be g(i). What are the prime factors of